{"id":226,"date":"2023-08-30T09:21:14","date_gmt":"2023-08-30T07:21:14","guid":{"rendered":"http:\/\/uaocbqm.cluster028.hosting.ovh.net\/?page_id=226"},"modified":"2023-08-30T11:32:27","modified_gmt":"2023-08-30T09:32:27","slug":"mentions-legales","status":"publish","type":"page","link":"https:\/\/globetrading.fr\/index.php\/mentions-legales\/","title":{"rendered":"Mentions L\u00e9gales"},"content":{"rendered":"\t\t<div data-elementor-type=\"wp-page\" data-elementor-id=\"226\" class=\"elementor elementor-226\">\n\t\t\t\t\t\t\t\t\t<section class=\"elementor-section elementor-top-section elementor-element elementor-element-3d12211 elementor-section-boxed elementor-section-height-default elementor-section-height-default\" data-id=\"3d12211\" data-element_type=\"section\">\n\t\t\t\t\t\t<div class=\"elementor-container elementor-column-gap-default\">\n\t\t\t\t\t<div class=\"elementor-column elementor-col-100 elementor-top-column elementor-element elementor-element-daa2c05\" data-id=\"daa2c05\" data-element_type=\"column\">\n\t\t\t<div class=\"elementor-widget-wrap elementor-element-populated\">\n\t\t\t\t\t\t\t\t<div class=\"elementor-element elementor-element-a37ee40 elementor-widget elementor-widget-text-editor\" data-id=\"a37ee40\" data-element_type=\"widget\" data-widget_type=\"text-editor.default\">\n\t\t\t\t<div class=\"elementor-widget-container\">\n\t\t\t<style>\/*! elementor - v3.15.0 - 20-08-2023 *\/\n.elementor-widget-text-editor.elementor-drop-cap-view-stacked .elementor-drop-cap{background-color:#69727d;color:#fff}.elementor-widget-text-editor.elementor-drop-cap-view-framed .elementor-drop-cap{color:#69727d;border:3px solid;background-color:transparent}.elementor-widget-text-editor:not(.elementor-drop-cap-view-default) .elementor-drop-cap{margin-top:8px}.elementor-widget-text-editor:not(.elementor-drop-cap-view-default) .elementor-drop-cap-letter{width:1em;height:1em}.elementor-widget-text-editor .elementor-drop-cap{float:left;text-align:center;line-height:1;font-size:50px}.elementor-widget-text-editor .elementor-drop-cap-letter{display:inline-block}<\/style>\t\t\t\t<h2>Mentions l\u00e9gales\u00a0<\/h2><h2>Directeur de la publication et de la r\u00e9daction<\/h2><p>Victor BEYAZ\u00a0<\/p><h2>Editeur du site<\/h2><p>Groupe BEYAZ :\u00a0 Int-MTC<br \/><span style=\"font-style: inherit; font-weight: inherit; color: var( --e-global-color-text ); font-family: var( --e-global-typography-text-font-family ), Sans-serif; background-color: var(--ast-global-color-6);\">55, Avenue Marceau 75016 Paris\u00a0<br \/><\/span><span style=\"font-style: inherit; font-weight: inherit; color: var( --e-global-color-text ); font-family: var( --e-global-typography-text-font-family ), Sans-serif; background-color: var(--ast-global-color-6);\">SAS au capital de 100 000\u20ac,<br \/><\/span><span style=\"font-style: inherit; font-weight: inherit; color: var( --e-global-color-text ); font-family: var( --e-global-typography-text-font-family ), Sans-serif; background-color: var(--ast-global-color-6);\">Soci\u00e9t\u00e9 immatricul\u00e9e au RCS de Paris,\u00a0sous le num\u00e9ro\u00a0\u00a0823114095<br \/><\/span><span style=\"font-style: inherit; font-weight: inherit; color: var( --e-global-color-text ); font-family: var( --e-global-typography-text-font-family ), Sans-serif; background-color: var(--ast-global-color-6);\">T\u00e9l\u00e9phone: 06 58 47 15 15<br \/><\/span><span style=\"font-style: inherit; font-weight: inherit; color: var( --e-global-color-text ); font-family: var( --e-global-typography-text-font-family ), Sans-serif; background-color: var(--ast-global-color-6);\">Email:\u00a0<\/span><a style=\"font-style: inherit; font-weight: inherit; font-family: var( --e-global-typography-text-font-family ), Sans-serif;\" href=\"mailto:vbeyaz@int-mtc.fr\" target=\"_blank\" rel=\"noopener\">vbeyaz@int-mtc.fr<\/a><\/p><h2>Conception et suivi \u00e9ditorial<\/h2><p>Groupe BEYAZ :\u00a0 Int-MTC<br \/><span style=\"font-style: inherit; font-weight: inherit; color: var( --e-global-color-text ); font-family: var( --e-global-typography-text-font-family ), Sans-serif; background-color: var(--ast-global-color-6);\">55, Avenue Marceau 75016 Paris\u00a0<br \/><\/span><span style=\"font-style: inherit; font-weight: inherit; color: var( --e-global-color-text ); font-family: var( --e-global-typography-text-font-family ), Sans-serif; background-color: var(--ast-global-color-6);\">SAS au capital de 100 000\u20ac,<br \/><\/span><span style=\"font-style: inherit; font-weight: inherit; color: var( --e-global-color-text ); font-family: var( --e-global-typography-text-font-family ), Sans-serif; background-color: var(--ast-global-color-6);\">Soci\u00e9t\u00e9 immatricul\u00e9e au RCS de Paris,\u00a0sous le num\u00e9ro\u00a0\u00a0823114095<br \/><\/span><span style=\"font-style: inherit; font-weight: inherit; color: var( --e-global-color-text ); font-family: var( --e-global-typography-text-font-family ), Sans-serif; background-color: var(--ast-global-color-6);\">T\u00e9l\u00e9phone: 06 58 47 15 15<br \/><\/span><span style=\"font-style: inherit; font-weight: inherit; color: var( --e-global-color-text ); font-family: var( --e-global-typography-text-font-family ), Sans-serif; background-color: var(--ast-global-color-6);\">Email:\u00a0<\/span><a style=\"font-style: inherit; font-weight: inherit; font-family: var( --e-global-typography-text-font-family ), Sans-serif;\" href=\"mailto:vbeyaz@int-mtc.fr\" target=\"_blank\" rel=\"noopener\">vbeyaz@int-mtc.fr<\/a><\/p><h2>H\u00e9bergement<\/h2><p><a href=\"https:\/\/www.ovhcloud.com\/fr\/\" target=\"_blank\" rel=\"noopener nofollow\" data-saferedirecturl=\"https:\/\/www.google.com\/url?q=https:\/\/www.ovhcloud.com\/fr\/&amp;source=gmail&amp;ust=1693468758995000&amp;usg=AOvVaw3_QmhW1L6WpaxcfidLrSJQ\">OVH Cloud<\/a><br \/><span style=\"font-style: inherit; font-weight: inherit; color: var( --e-global-color-text ); font-family: var( --e-global-typography-text-font-family ), Sans-serif; background-color: var(--ast-global-color-6);\">2 rue Kellermann<br \/><\/span><span style=\"font-style: inherit; font-weight: inherit; color: var( --e-global-color-text ); font-family: var( --e-global-typography-text-font-family ), Sans-serif; background-color: var(--ast-global-color-6);\">59100 Roubaix<br \/><\/span><span style=\"font-style: inherit; font-weight: inherit; color: var( --e-global-color-text ); font-family: var( --e-global-typography-text-font-family ), Sans-serif; background-color: var(--ast-global-color-6);\">SAS au capital de 10 174 560\u20ac,<br \/><\/span><span style=\"font-style: inherit; font-weight: inherit; color: var( --e-global-color-text ); font-family: var( --e-global-typography-text-font-family ), Sans-serif; background-color: var(--ast-global-color-6);\">Soci\u00e9t\u00e9 immatricul\u00e9e au RCS de Lille, sous le num\u00e9ro 537 407 926<br \/><\/span><span style=\"font-style: inherit; font-weight: inherit; color: var( --e-global-color-text ); font-family: var( --e-global-typography-text-font-family ), Sans-serif; background-color: var(--ast-global-color-6);\">T\u00e9l\u00e9phone:\u00a0<\/span><a style=\"font-style: inherit; font-weight: inherit; font-family: var( --e-global-typography-text-font-family ), Sans-serif;\" href=\"tel:0972101007\" target=\"_blank\" rel=\"noopener\">09 72 10 10 07<\/a><\/p>\t\t\t\t\t\t<\/div>\n\t\t\t\t<\/div>\n\t\t\t\t\t<\/div>\n\t\t<\/div>\n\t\t\t\t\t\t\t<\/div>\n\t\t<\/section>\n\t\t\t\t\t\t\t<\/div>\n\t\t","protected":false},"excerpt":{"rendered":"<p>Mentions l\u00e9gales\u00a0 Directeur de la publication et de la r\u00e9daction Victor BEYAZ\u00a0 Editeur du site Groupe BEYAZ :\u00a0 Int-MTC55, Avenue Marceau 75016 Paris\u00a0SAS au capital de 100 000\u20ac,Soci\u00e9t\u00e9 immatricul\u00e9e au RCS de Paris,\u00a0sous le num\u00e9ro\u00a0\u00a0823114095T\u00e9l\u00e9phone: 06 58 47 15 15Email:\u00a0vbeyaz@int-mtc.fr Conception et suivi \u00e9ditorial Groupe BEYAZ :\u00a0 Int-MTC55, Avenue Marceau 75016 Paris\u00a0SAS au capital de &hellip;<\/p>\n<p class=\"read-more\"> <a class=\"\" href=\"https:\/\/globetrading.fr\/index.php\/mentions-legales\/\"> <span class=\"screen-reader-text\">Mentions L\u00e9gales<\/span> Lire la suite\u00a0\u00bb<\/a><\/p>\n","protected":false},"author":1,"featured_media":0,"parent":0,"menu_order":0,"comment_status":"closed","ping_status":"closed","template":"","meta":{"site-sidebar-layout":"no-sidebar","site-content-layout":"page-builder","ast-site-content-layout":"","site-content-style":"default","site-sidebar-style":"default","ast-global-header-display":"","ast-banner-title-visibility":"","ast-main-header-display":"","ast-hfb-above-header-display":"","ast-hfb-below-header-display":"","ast-hfb-mobile-header-display":"","site-post-title":"disabled","ast-breadcrumbs-content":"","ast-featured-img":"disabled","footer-sml-layout":"","theme-transparent-header-meta":"","adv-header-id-meta":"","stick-header-meta":"","header-above-stick-meta":"","header-main-stick-meta":"","header-below-stick-meta":"","astra-migrate-meta-layouts":"","footnotes":""},"class_list":["post-226","page","type-page","status-publish","hentry"],"yoast_head":"<!-- This site is optimized with the Yoast SEO plugin v21.0 - https:\/\/yoast.com\/wordpress\/plugins\/seo\/ -->\n<title>Mentions L\u00e9gales -<\/title>\n<meta name=\"robots\" content=\"index, follow, max-snippet:-1, max-image-preview:large, max-video-preview:-1\" \/>\n<link rel=\"canonical\" href=\"https:\/\/globetrading.fr\/index.php\/mentions-legales\/\" \/>\n<meta property=\"og:locale\" content=\"fr_FR\" \/>\n<meta property=\"og:type\" content=\"article\" \/>\n<meta property=\"og:title\" content=\"Mentions L\u00e9gales -\" \/>\n<meta property=\"og:description\" content=\"Mentions l\u00e9gales\u00a0 Directeur de la publication et de la r\u00e9daction Victor BEYAZ\u00a0 Editeur du site Groupe BEYAZ :\u00a0 Int-MTC55, Avenue Marceau 75016 Paris\u00a0SAS au capital de 100 000\u20ac,Soci\u00e9t\u00e9 immatricul\u00e9e au RCS de Paris,\u00a0sous le num\u00e9ro\u00a0\u00a0823114095T\u00e9l\u00e9phone: 06 58 47 15 15Email:\u00a0vbeyaz@int-mtc.fr Conception et suivi \u00e9ditorial Groupe BEYAZ :\u00a0 Int-MTC55, Avenue Marceau 75016 Paris\u00a0SAS au capital de &hellip; Mentions L\u00e9gales Lire la suite\u00a0\u00bb\" \/>\n<meta property=\"og:url\" content=\"https:\/\/globetrading.fr\/index.php\/mentions-legales\/\" \/>\n<meta property=\"article:modified_time\" content=\"2023-08-30T09:32:27+00:00\" \/>\n<meta name=\"twitter:card\" content=\"summary_large_image\" \/>\n<meta name=\"twitter:label1\" content=\"Dur\u00e9e de lecture estim\u00e9e\" \/>\n\t<meta name=\"twitter:data1\" content=\"1 minute\" \/>\n<script type=\"application\/ld+json\" class=\"yoast-schema-graph\">{\"@context\":\"https:\/\/schema.org\",\"@graph\":[{\"@type\":\"WebPage\",\"@id\":\"https:\/\/globetrading.fr\/index.php\/mentions-legales\/\",\"url\":\"https:\/\/globetrading.fr\/index.php\/mentions-legales\/\",\"name\":\"Mentions L\u00e9gales -\",\"isPartOf\":{\"@id\":\"https:\/\/globetrading.fr\/#website\"},\"datePublished\":\"2023-08-30T07:21:14+00:00\",\"dateModified\":\"2023-08-30T09:32:27+00:00\",\"breadcrumb\":{\"@id\":\"https:\/\/globetrading.fr\/index.php\/mentions-legales\/#breadcrumb\"},\"inLanguage\":\"fr-FR\",\"potentialAction\":[{\"@type\":\"ReadAction\",\"target\":[\"https:\/\/globetrading.fr\/index.php\/mentions-legales\/\"]}]},{\"@type\":\"BreadcrumbList\",\"@id\":\"https:\/\/globetrading.fr\/index.php\/mentions-legales\/#breadcrumb\",\"itemListElement\":[{\"@type\":\"ListItem\",\"position\":1,\"name\":\"Accueil\",\"item\":\"https:\/\/globetrading.fr\/\"},{\"@type\":\"ListItem\",\"position\":2,\"name\":\"Mentions L\u00e9gales\"}]},{\"@type\":\"WebSite\",\"@id\":\"https:\/\/globetrading.fr\/#website\",\"url\":\"https:\/\/globetrading.fr\/\",\"name\":\"\",\"description\":\"\",\"potentialAction\":[{\"@type\":\"SearchAction\",\"target\":{\"@type\":\"EntryPoint\",\"urlTemplate\":\"https:\/\/globetrading.fr\/?s={search_term_string}\"},\"query-input\":\"required name=search_term_string\"}],\"inLanguage\":\"fr-FR\"}]}<\/script>\n<!-- \/ Yoast SEO plugin. -->","yoast_head_json":{"title":"Mentions L\u00e9gales -","robots":{"index":"index","follow":"follow","max-snippet":"max-snippet:-1","max-image-preview":"max-image-preview:large","max-video-preview":"max-video-preview:-1"},"canonical":"https:\/\/globetrading.fr\/index.php\/mentions-legales\/","og_locale":"fr_FR","og_type":"article","og_title":"Mentions L\u00e9gales -","og_description":"Mentions l\u00e9gales\u00a0 Directeur de la publication et de la r\u00e9daction Victor BEYAZ\u00a0 Editeur du site Groupe BEYAZ :\u00a0 Int-MTC55, Avenue Marceau 75016 Paris\u00a0SAS au capital de 100 000\u20ac,Soci\u00e9t\u00e9 immatricul\u00e9e au RCS de Paris,\u00a0sous le num\u00e9ro\u00a0\u00a0823114095T\u00e9l\u00e9phone: 06 58 47 15 15Email:\u00a0vbeyaz@int-mtc.fr Conception et suivi \u00e9ditorial Groupe BEYAZ :\u00a0 Int-MTC55, Avenue Marceau 75016 Paris\u00a0SAS au capital de &hellip; Mentions L\u00e9gales Lire la suite\u00a0\u00bb","og_url":"https:\/\/globetrading.fr\/index.php\/mentions-legales\/","article_modified_time":"2023-08-30T09:32:27+00:00","twitter_card":"summary_large_image","twitter_misc":{"Dur\u00e9e de lecture estim\u00e9e":"1 minute"},"schema":{"@context":"https:\/\/schema.org","@graph":[{"@type":"WebPage","@id":"https:\/\/globetrading.fr\/index.php\/mentions-legales\/","url":"https:\/\/globetrading.fr\/index.php\/mentions-legales\/","name":"Mentions L\u00e9gales -","isPartOf":{"@id":"https:\/\/globetrading.fr\/#website"},"datePublished":"2023-08-30T07:21:14+00:00","dateModified":"2023-08-30T09:32:27+00:00","breadcrumb":{"@id":"https:\/\/globetrading.fr\/index.php\/mentions-legales\/#breadcrumb"},"inLanguage":"fr-FR","potentialAction":[{"@type":"ReadAction","target":["https:\/\/globetrading.fr\/index.php\/mentions-legales\/"]}]},{"@type":"BreadcrumbList","@id":"https:\/\/globetrading.fr\/index.php\/mentions-legales\/#breadcrumb","itemListElement":[{"@type":"ListItem","position":1,"name":"Accueil","item":"https:\/\/globetrading.fr\/"},{"@type":"ListItem","position":2,"name":"Mentions L\u00e9gales"}]},{"@type":"WebSite","@id":"https:\/\/globetrading.fr\/#website","url":"https:\/\/globetrading.fr\/","name":"","description":"","potentialAction":[{"@type":"SearchAction","target":{"@type":"EntryPoint","urlTemplate":"https:\/\/globetrading.fr\/?s={search_term_string}"},"query-input":"required name=search_term_string"}],"inLanguage":"fr-FR"}]}},"_links":{"self":[{"href":"https:\/\/globetrading.fr\/index.php\/wp-json\/wp\/v2\/pages\/226","targetHints":{"allow":["GET"]}}],"collection":[{"href":"https:\/\/globetrading.fr\/index.php\/wp-json\/wp\/v2\/pages"}],"about":[{"href":"https:\/\/globetrading.fr\/index.php\/wp-json\/wp\/v2\/types\/page"}],"author":[{"embeddable":true,"href":"https:\/\/globetrading.fr\/index.php\/wp-json\/wp\/v2\/users\/1"}],"replies":[{"embeddable":true,"href":"https:\/\/globetrading.fr\/index.php\/wp-json\/wp\/v2\/comments?post=226"}],"version-history":[{"count":11,"href":"https:\/\/globetrading.fr\/index.php\/wp-json\/wp\/v2\/pages\/226\/revisions"}],"predecessor-version":[{"id":387,"href":"https:\/\/globetrading.fr\/index.php\/wp-json\/wp\/v2\/pages\/226\/revisions\/387"}],"wp:attachment":[{"href":"https:\/\/globetrading.fr\/index.php\/wp-json\/wp\/v2\/media?parent=226"}],"curies":[{"name":"wp","href":"https:\/\/api.w.org\/{rel}","templated":true}]}}